et w = d - -333. What are the prime factors of w?
2, 29
Let w(t) = 366*t - 884. What are the prime factors of w(38)?
2, 11, 37
Let r = 82 - 59. Suppose -r = -3*w + 2*t, 4*w - 3*t - 40 = 2*t. Suppose -4*q - 4*d + 280 = 0, -4*q + 48 = w*d - 228. What are the prime factors of q?
2, 37
Let l be (-1436)/(-6) - ((-11)/3 + 3). Suppose -393*m + 390*m + l = 0. List the prime factors of m.
2, 5
Let m = -9083 - -9985. List the prime factors of m.
2, 11, 41
Let q = -6640 - -43528. What are the prime factors of q?
2, 3, 29, 53
Let l be ((-825)/(-25))/((-2)/54). Let u = 1754 + l. What are the prime factors of u?
863
Let p(q) = -q**2 + 24*q + 56. Let r be p(26). What are the prime factors of (-6)/33 - r*(-225)/110?
2
Let d(h) = -h**2 + 4*h + 12. Let q be d(6). Let a be 5/10*(116 - q). Let v = a - -13. List the prime factors of v.
71
Suppose -128*r - 98*r = 7*r - 2073234. List the prime factors of r.
2, 3, 1483
Let c(r) = r**3 + 8*r**2 + 5*r - 6. Let y be c(-5). Suppose 3*i = 6*f - 17*f + 448, -5*f + 152 = i. Let d = i - y. What are the prime factors of d?
2, 7
Suppose 54*q - 127117 = 190899 + 641834. What are the prime factors of q?
3, 5, 79
Let j be 0/(-2) + -2*20*1. Let k = j + 76. Suppose -5 = -y + k. What are the prime factors of y?
41
Let g(y) = y**2 - y - 8. Let x(u) = -4*u + 16. Let r be x(6). List the prime factors of g(r).
2
What are the prime factors of (9/(23 + -5))/((-2)/(-8992))?
2, 281
Let b(u) = 14512*u**2 + 23*u - 24. What are the prime factors of b(1)?
3, 7, 691
Let a(u) = 26*u**2 - 18*u + 1. Let v be a(8). Suppose 1518*d = v*d - 327. What are the prime factors of d?
109
Let y = 16 - 5. Let c be y/(-10)*6 + 42/70. List the prime factors of (c/(-15))/(-4 - 1301/(-325)).
2, 5, 13
Suppose -1228*y - 2083779 = -1299*y. List the prime factors of y.
3, 1087
List the prime factors of -7 + (3 - 5) + 1191.
2, 3, 197
Let l(n) = 2*n**2 - 66*n - 48. Let k(x) = -2*x**2 - x - 1. Let w(f) = -k(f) + l(f). What are the prime factors of w(22)?
3, 17
Suppose -26*j + 94169 = -135151. List the prime factors of j.
2, 3, 5, 7
Let p = 2846 - -8294. List the prime factors of p.
2, 5, 557
What are the prime factors of (-4 - -1)/(56115/(-9351) + 6)?
3, 1039
Let f(l) = l**2 + 129*l + 5836. What are the prime factors of f(-61)?
2, 211
Suppose 13*p + 5*p + 72 = 0. What are the prime factors of (-1)/p - (34515/(-20))/13?
7, 19
Let n be 68/(-2)*56/(-16). Let h = n - 46. Let y = 17 + h. What are the prime factors of y?
2, 3, 5
Let c(v) = -7*v**3 + 9*v**3 - 5*v**2 - 8*v**2 + 5*v + 33. Let k = 106 - 98. What are the prime factors of c(k)?
5, 53
Let w = -19995 - -30517. What are the prime factors of w?
2, 5261
Let n = 169 - 174. List the prime factors of 74/(-2)*(n - -61)/(-7).
2, 37
Suppose -11829 = -3*b + 3*j, -b + 19716 = 4*b - 4*j. Suppose -4*o + b = -2*s, 5*o = -s + 7265 - 2342. List the prime factors of o.
5, 197
Let v(w) = 2*w**2 - 8*w + 24. Let r be v(15). Suppose -2*f + r = 2*x, 9 = 4*f + 1. List the prime factors of x.
5, 7
Let q(i) = -3482*i - 659. List the prime factors of q(-3).
9787
Let h = -61 + 82. Suppose 6 = -5*f + h. Suppose -4*l - 102 = -f*w + l, 3*l + 38 = w. List the prime factors of w.
29
Let d = 212 - 209. Let o = d + 171. List the prime factors of o.
2, 3, 29
Let q(f) = f + 14. Let s be q(-21). Let v(m) = -m**3 - 7*m**2 + m + 8. Let c be v(s). List the prime factors of ((-99)/(-44))/(c - (-31)/(-32)).
2, 3
Suppose -4*k - 2 = -14, k = 4*c + 2171. Let v = 828 + c. What are the prime factors of v?
2, 11, 13
Let d(c) = 136 - 11*c - 2*c - 38. List the prime factors of d(-21).
7, 53
Let n(p) = -36*p + 103. Let t be n(3). Let i(j) be the third derivative of -j**6/60 - j**5/20 - 5*j**4/24 + 2*j**3 + 2*j**2. What are the prime factors of i(t)?
2, 53
Let z = 1701 + -408. Let s = 2067 - z. List the prime factors of s.
2, 3, 43
Suppose 5*r = -3*v + 15849, 2*v + 5*r - 15090 + 4519 = 0. What are the prime factors of v?
2, 7, 13, 29
Let d(x) = -60*x + 4. Let g be d(-8). Suppose 25*z = 26*z + 3. List the prime factors of g/(-12)*z + -4.
3, 13
Let m be ((6 - 8)*4)/(1*-2). Let i(x) = 3*x**3 - 6*x + 14. Let d be i(6). Suppose 258 = -m*g + d. List the prime factors of g.
2, 23
Suppose 29 = d + 1. Let z be 2/(-8) + 91/d. Suppose -372 = -4*u + z*x, x = -3*u + 6*u - 284. What are the prime factors of u?
2, 3
Let h be 2015/39 + 4/(-6). Let s = h + -27. Suppose 0 = -4*c + 168 + s. List the prime factors of c.
2, 3
Suppose -22*s + 639 = 5347. Let i = 465 + s. What are the prime factors of i?
251
Suppose 5*w + 25 = 0, -5*w - 8 = 2*a - 1. Suppose -26 - a = -5*o. Suppose 11*j - o*j = 108. List the prime factors of j.
3
Suppose -17*r = -129 + 10. Let l(h) be the third derivative of h**5/12 + 5*h**4/24 + 5*h**3/6 + 17*h**2. What are the prime factors of l(r)?
3, 5, 19
Suppose 0 = -2*t - 5*j + 4*j - 54, 0 = 3*t + 2*j + 83. Let i = -58 - -88. Let n = i + t. What are the prime factors of n?
5
Let p(z) = 2*z - 19. Let d be p(7). Let h(x) = -267*x - 250. List the prime factors of h(d).
5, 7, 31
Let u(g) = 2415*g - 575. What are the prime factors of u(3)?
2, 5, 23, 29
Suppose -32678 - 5249 = -17*a. What are the prime factors of a?
23, 97
Suppose -27*z + 31*z - 81526 = -f, 5*z - 101895 = 5*f. List the prime factors of z.
89, 229
List the prime factors of (-2 + -3)*((-320464)/36 - (-34)/(-153)).
2, 5, 4451
Let u(r) = 156*r + 86. Let b be u(6). Suppose 7*m - b = 322. List the prime factors of m.
2, 3
Let j = -407 - -633. Let g be j/(-7) + (72/42)/6. Let y = 107 + g. List the prime factors of y.
3, 5
Let b(l) = -l**2 - 12*l - 39. Let r be b(-13). Let y = 40 + r. List the prime factors of 2/y + (-58)/(-12)*23.
3, 37
Let a = 13069 + -5394. What are the prime factors of a?
5, 307
Suppose 0 = -4*u - 3*p + 136, -5*u + 134 = p - 47. Suppose 4*i = -4*z + 508, 17*i - 13*i - 5*z - 472 = 0. Suppose i = a - u. What are the prime factors of a?
2, 5
Let n(q) = q**3 - 17*q**2 + 2*q + 10. Let t be n(17). Let u(g) = g**3 - 7*g**2 - 2*g + 6. Let a be u(8). Suppose a = l - t. What are the prime factors of l?
2, 7
Suppose v + 22*b - 24*b = 12, 5*v - 32 = 3*b. Suppose -v*j - 5*r = -3372, 2*j + 11*r - 7*r - 1680 = 0. List the prime factors of j.
2, 53
Let j(n) = -4 + 3 - 5 + n + 2. Let r be j(-5). What are the prime factors of (r - 3)*(-4)/6?
2
Suppose 2*o = -48 + 48. Suppose -3*s - 607 - 1493 = -2*q, -4*q - 4*s + 4160 = o. What are the prime factors of q?
2, 3, 29
Let j(r) = r**2 + 40*r - 250. List the prime factors of j(90).
2, 5, 229
Suppose -2*l - 11632 = -x + 34973, -l - 186448 = -4*x. What are the prime factors of x?
7, 6659
Let w(q) = 36*q - q**2 - 10 + 33*q + 2*q**2 - 70*q. What are the prime factors of w(11)?
2, 5
Let g = -1250 - -1903. Let d(n) = 0 + g*n + 3 - 773*n. List the prime factors of d(-1).
3, 41
Suppose 0 = -2*q - 2*w + 23044, 4*q - 67531 + 21473 = 2*w. List the prime factors of q.
3, 11, 349
Let n(l) = -l + 7. Let c be n(4). Let j be (-2)/6*-1*(3 - c). Suppose 882 = -j*q + 7*q. List the prime factors of q.
2, 3, 7
Suppose -118 = -2*i + 36. Let q = 253 - i. What are the prime factors of q?
2, 11
Let s be 1/(3/(-15)) + 5. Suppose s = f - 896 - 30. What are the prime factors of f?
2, 463
Let y(w) = 24*w - 5. Let o be y(1). Suppose -o*v = -14*v - 750. Let s = v - -3. What are the prime factors of s?
3, 17
Let q(p) = 37*p - 198. Let w be q(-16). Let c = w + 1810. What are the prime factors of c?
2, 3, 5, 17
Let l = 3762 - -2428. Suppose 27*b + 1897 = l. List the prime factors of b.
3, 53
Suppose -22*f - 1059 + 8143 = 0. Suppose -f*k + 326*k = 3944. List the prime factors of k.
2, 17, 29
Let b(h) be the first derivative of -31*h**4 + 13*h**2 + 26*h - 17. List the prime factors of b(-1).
2, 31
Let f be 1 + 3 + 24/(-4) + 6. List the prime factors of -4689*f/(-30)*115/46.
3, 521
Suppose 0 = -16*h + 7*h - 2538. Let k = h + 571. What are the prime factors of k?
17
Let w(n) = 2*n**2 + 45*n - 68. Let i be w(-23). List the prime factors of (-17 - i)/(1/2).
2, 7
Let c(r) = 10*r**2 + 35*r + 635. List the prime factors of c(37).
2, 5, 11, 71
Let y(w) = -201*w - 1611. What are the prime factors of y(-16)?
3, 5, 107
Let a(d) = 14*d**2 + 15*d + 1. Let w be a(-12). Suppose 0 = -5*v + w - 227. What are the prime factors of v?
2, 7, 23
Let n = -250 + 252. Suppose -2*g + 1234 = 2*u + u, -n*u = 4. List the prime 